n divisor of 2350 and 376?
94
What is the highest common factor of 189 and 3654?
63
Calculate the highest common factor of 158 and 9322.
158
What is the greatest common divisor of 248 and 8?
8
Calculate the highest common divisor of 9 and 549.
9
Calculate the greatest common divisor of 90 and 450.
90
What is the greatest common divisor of 94 and 4?
2
What is the highest common divisor of 55 and 15851?
11
What is the highest common divisor of 451 and 22?
11
Calculate the highest common divisor of 25 and 335.
5
Calculate the highest common factor of 437 and 1127.
23
Calculate the highest common factor of 28 and 38934.
14
Calculate the greatest common divisor of 16 and 1744.
16
Calculate the greatest common factor of 405 and 81.
81
What is the highest common divisor of 564 and 9447?
141
What is the greatest common factor of 40 and 360?
40
What is the highest common divisor of 175 and 46725?
175
What is the highest common divisor of 10752 and 84?
84
What is the highest common factor of 450 and 22350?
150
Calculate the greatest common factor of 9 and 3357.
9
What is the greatest common divisor of 813 and 1?
1
Calculate the greatest common factor of 34 and 646.
34
What is the greatest common divisor of 11926 and 623?
89
What is the highest common divisor of 25 and 15?
5
Calculate the greatest common factor of 8140 and 44.
44
What is the highest common divisor of 23 and 368?
23
What is the greatest common divisor of 252 and 14?
14
What is the greatest common divisor of 1443 and 39?
39
Calculate the highest common divisor of 321 and 3.
3
What is the greatest common factor of 99 and 2013?
33
Calculate the highest common factor of 184 and 3404.
92
Calculate the highest common divisor of 161 and 253.
23
What is the highest common factor of 42 and 238?
14
What is the highest common factor of 65 and 185?
5
Calculate the highest common divisor of 90 and 99.
9
Calculate the highest common divisor of 10 and 2200.
10
Calculate the greatest common factor of 7 and 64981.
7
Calculate the highest common divisor of 96 and 1216.
32
What is the greatest common divisor of 228 and 9690?
114
What is the highest common divisor of 594 and 352?
22
Calculate the highest common factor of 125 and 5.
5
What is the highest common factor of 21918 and 78?
78
What is the highest common factor of 204 and 8636?
68
What is the highest common divisor of 326 and 2?
2
What is the greatest common divisor of 28 and 21?
7
What is the highest common divisor of 580 and 20?
20
Calculate the greatest common divisor of 192 and 64.
64
Calculate the greatest common divisor of 20284 and 44.
44
What is the highest common divisor of 39 and 52?
13
Calculate the greatest common divisor of 630 and 14.
14
Calculate the highest common factor of 84 and 3976.
28
What is the greatest common divisor of 2125 and 125?
125
Calculate the greatest common factor of 90 and 54.
18
What is the greatest common divisor of 31 and 155?
31
Calculate the greatest common divisor of 39 and 13377.
39
What is the greatest common divisor of 2052 and 372?
12
Calculate the greatest common factor of 391 and 51.
17
What is the greatest common factor of 140 and 440?
20
Calculate the highest common factor of 120 and 2472.
24
What is the greatest common divisor of 294 and 392?
98
Calculate the highest common divisor of 109 and 2071.
109
Calculate the highest common divisor of 420 and 6972.
84
What is the greatest common factor of 28 and 7189?
7
What is the highest common divisor of 128 and 1424?
16
Calculate the greatest common divisor of 96 and 1308.
12
Calculate the greatest common divisor of 10 and 13.
1
What is the greatest common factor of 1958 and 44?
22
What is the highest common divisor of 201 and 737?
67
What is the greatest common divisor of 54 and 18954?
54
Calculate the highest common factor of 54 and 294.
6
Calculate the highest common divisor of 1095 and 60.
15
What is the greatest common factor of 1900 and 19?
19
Calculate the greatest common factor of 5704 and 23.
23
Calculate the greatest common factor of 24 and 80.
8
What is the greatest common factor of 180 and 216?
36
What is the highest common divisor of 72 and 528?
24
Calculate the highest common divisor of 602 and 49.
7
Calculate the highest common divisor of 1225 and 225.
25
What is the greatest common divisor of 36 and 9?
9
Calculate the highest common factor of 5278 and 494.
26
Calculate the greatest common factor of 5 and 215.
5
Calculate the greatest common divisor of 54 and 5868.
18
What is the greatest common divisor of 94 and 18659?
47
What is the greatest common factor of 216 and 891?
27
What is the greatest common factor of 110 and 30?
10
Calculate the greatest common factor of 8051 and 83.
83
What is the highest common divisor of 59 and 472?
59
Calculate the greatest common divisor of 23 and 2369.
23
What is the highest common factor of 287 and 28?
7
Calculate the greatest common divisor of 288 and 160.
32
What is the highest common factor of 63 and 18?
9
Calculate the greatest common divisor of 1645 and 2115.
235
Calculate the highest common factor of 18 and 55422.
18
What is the greatest common divisor of 75 and 8175?
75
What is the highest common divisor of 425 and 15?
5
Calculate the highest common factor of 33 and 14223.
33
What is the greatest common divisor of 35 and 77?
7
What is the greatest common factor of 18 and 32040?
18
Calculate the highest common divisor of 948 and 24.
12
What is the highest common divisor of 10 and 630?
10
Calculate the greatest common divisor of 1599 and 234.
39
Calculate the highest common divisor of 90 and 125.
5
Calculate the highest common factor of 708 and 12.
12
What is the highest common factor of 88 and 704?
88
What is the greatest common divisor of 108 and 288?
36
What is the highest common factor of 124 and 29512?
124
Calculate the highest common divisor of 31 and 6355.
31
Calculate the highest common factor of 2175 and 75.
75
What is the highest common factor of 50 and 5670?
10
What is the greatest common factor of 12 and 3804?
12
Calculate the greatest common factor of 114 and 608.
38
Calculate the greatest common factor of 15 and 3105.
15
What is the greatest common divisor of 1808 and 1243?
113
What is the greatest common divisor of 1275 and 2601?
51
What is the highest common factor of 850 and 102?
34
What is the greatest common factor of 395 and 553?
79
What is the highest common divisor of 51 and 833?
17
What is the greatest common divisor of 33 and 187?
11
Calculate the greatest common divisor of 1344 and 210.
42
What is the highest common factor of 25 and 625?
25
Calculate the highest common factor of 84 and 21.
21
What is the greatest common divisor of 555 and 30?
15
Calculate the highest common divisor of 182 and 39.
13
What is the greatest common divisor of 156 and 7215?
39
Calculate the highest common factor of 3534 and 31.
31
What is the greatest common divisor of 2715 and 90?
15
What is the greatest common factor of 246 and 12?
6
What is the greatest common factor of 153 and 493?
17
Calculate the greatest common factor of 7 and 108101.
7
What is the greatest common divisor of 275 and 11?
11
What is the highest common factor of 81396 and 153?
153
Calculate the greatest common divisor of 41 and 1107.
41
Calculate the greatest common divisor of 27 and 27.
27
Calculate the greatest common divisor of 32 and 112.
16
Calculate the highest common divisor of 16 and 7.
1
What is the greatest common factor of 205 and 287?
41
Calculate the highest common factor of 17 and 3.
1
What is the highest common factor of 184 and 8?
8
What is the highest common factor of 18281 and 101?
101
Calculate the greatest common divisor of 15 and 1965.
15
Calculate the greatest common factor of 1333 and 124.
31
What is the greatest common divisor of 345 and 759?
69
What is the greatest common divisor of 288 and 27?
9
What is the greatest common divisor of 290 and 170?
10
What is the greatest common divisor of 126 and 90?
18
What is the highest common divisor of 1349 and 71?
71
Calculate the highest common divisor of 116 and 16.
4
Calculate the greatest common factor of 59 and 177.
59
What is the highest common factor of 90 and 6570?
90
Calculate the highest common divisor of 3424 and 128.
32
Calculate the greatest comm